t is the remainder when 1693 is divided by 113?
111
Calculate the remainder when 18149 is divided by 11.
10
What is the remainder when 4930 is divided by 9?
7
What is the remainder when 622 is divided by 206?
4
What is the remainder when 915 is divided by 184?
179
Calculate the remainder when 320 is divided by 23.
21
Calculate the remainder when 37 is divided by 28.
9
Calculate the remainder when 857 is divided by 281.
14
Calculate the remainder when 162 is divided by 55.
52
Calculate the remainder when 141 is divided by 23.
3
What is the remainder when 18626 is divided by 138?
134
Calculate the remainder when 5669 is divided by 1885.
14
Calculate the remainder when 219 is divided by 35.
9
What is the remainder when 628 is divided by 35?
33
What is the remainder when 80 is divided by 8?
0
Calculate the remainder when 2684 is divided by 81.
11
What is the remainder when 87 is divided by 5?
2
What is the remainder when 643 is divided by 14?
13
What is the remainder when 894 is divided by 16?
14
Calculate the remainder when 447 is divided by 54.
15
Calculate the remainder when 273 is divided by 66.
9
Calculate the remainder when 678 is divided by 12.
6
What is the remainder when 108 is divided by 14?
10
What is the remainder when 1369 is divided by 153?
145
What is the remainder when 4948 is divided by 9?
7
What is the remainder when 1393 is divided by 41?
40
What is the remainder when 415 is divided by 25?
15
What is the remainder when 129 is divided by 38?
15
What is the remainder when 141 is divided by 66?
9
What is the remainder when 344 is divided by 12?
8
What is the remainder when 1275 is divided by 22?
21
Calculate the remainder when 64 is divided by 37.
27
What is the remainder when 35 is divided by 6?
5
Calculate the remainder when 1181 is divided by 16.
13
Calculate the remainder when 180 is divided by 91.
89
Calculate the remainder when 9422 is divided by 62.
60
Calculate the remainder when 163 is divided by 41.
40
What is the remainder when 1077 is divided by 49?
48
Calculate the remainder when 1262 is divided by 79.
77
What is the remainder when 705 is divided by 263?
179
Calculate the remainder when 507 is divided by 50.
7
What is the remainder when 112 is divided by 38?
36
What is the remainder when 4665 is divided by 777?
3
What is the remainder when 747 is divided by 123?
9
What is the remainder when 982 is divided by 240?
22
What is the remainder when 549 is divided by 255?
39
Calculate the remainder when 310 is divided by 21.
16
What is the remainder when 3597 is divided by 9?
6
Calculate the remainder when 1587 is divided by 87.
21
What is the remainder when 677 is divided by 127?
42
What is the remainder when 819 is divided by 265?
24
What is the remainder when 123 is divided by 63?
60
What is the remainder when 2185 is divided by 1076?
33
What is the remainder when 4177 is divided by 95?
92
What is the remainder when 274 is divided by 11?
10
What is the remainder when 433 is divided by 15?
13
Calculate the remainder when 2458 is divided by 4.
2
Calculate the remainder when 439 is divided by 63.
61
Calculate the remainder when 5808 is divided by 21.
12
What is the remainder when 26 is divided by 18?
8
Calculate the remainder when 517 is divided by 26.
23
What is the remainder when 1724 is divided by 54?
50
Calculate the remainder when 161 is divided by 49.
14
Calculate the remainder when 456 is divided by 155.
146
Calculate the remainder when 728 is divided by 73.
71
What is the remainder when 34226 is divided by 9?
8
What is the remainder when 57 is divided by 43?
14
Calculate the remainder when 11661 is divided by 486.
483
What is the remainder when 4930 is divided by 18?
16
What is the remainder when 371 is divided by 34?
31
Calculate the remainder when 783 is divided by 662.
121
What is the remainder when 24 is divided by 9?
6
What is the remainder when 45141 is divided by 216?
213
What is the remainder when 94 is divided by 19?
18
What is the remainder when 135 is divided by 41?
12
Calculate the remainder when 1312 is divided by 263.
260
What is the remainder when 63606 is divided by 13?
10
What is the remainder when 861 is divided by 31?
24
What is the remainder when 48 is divided by 16?
0
Calculate the remainder when 212 is divided by 58.
38
Calculate the remainder when 69 is divided by 31.
7
What is the remainder when 1027 is divided by 147?
145
What is the remainder when 3456 is divided by 20?
16
Calculate the remainder when 7096 is divided by 142.
138
Calculate the remainder when 2680 is divided by 104.
80
What is the remainder when 96 is divided by 25?
21
What is the remainder when 19 is divided by 8?
3
What is the remainder when 656 is divided by 39?
32
What is the remainder when 113 is divided by 58?
55
Calculate the remainder when 508 is divided by 34.
32
Calculate the remainder when 338 is divided by 38.
34
What is the remainder when 605 is divided by 602?
3
Calculate the remainder when 591 is divided by 33.
30
What is the remainder when 525 is divided by 11?
8
What is the remainder when 91 is divided by 8?
3
Calculate the remainder when 173 is divided by 39.
17
What is the remainder when 342 is divided by 115?
112
What is the remainder when 487 is divided by 169?
149
What is the remainder when 122 is divided by 33?
23
Calculate the remainder when 243 is divided by 21.
12
Calculate the remainder when 1550 is divided by 42.
38
Calculate the remainder when 1104 is divided by 158.
156
Calculate the remainder when 33 is divided by 20.
13
What is the remainder when 298 is divided by 24?
10
Calculate the remainder when 104 is divided by 12.
8
What is the remainder when 274 is divided by 81?
31
What is the remainder when 91 is divided by 23?
22
Calculate the remainder when 72 is divided by 39.
33
What is the remainder when 628 is divided by 320?
308
Calculate the remainder when 338 is divided by 34.
32
What is the remainder when 308 is divided by 164?
144
What is the remainder when 841 is divided by 130?
61
What is the remainder when 1676 is divided by 103?
28
Calculate the remainder when 448 is divided by 28.
0
What is the remainder when 1908 is divided by 13?
10
Calculate the remainder when 9989 is divided by 18.
17
Calculate the remainder when 72 is divided by 21.
9
Calculate the remainder when 500 is divided by 122.
12
Calculate the remainder when 1004 is divided by 19.
16
What is the remainder when 85 is divided by 34?
17
Calculate the remainder when 3024 is divided by 89.
87
Calculate the remainder when 609 is divided by 51.
48
What is the remainder when 230 is divided by 61?
47
Calculate the remainder when 60881 is divided by 73.
72
Calculate the remainder when 724 is divided by 289.
146
What is the remainder when 3664 is divided by 159?
7
What is the remainder when 6 is divided by 4?
2
What is the remainder when 1049 is divided by 13?
9
What is the remainder when 2399 is divided by 40?
39
What is the remainder when 795 is divided by 217?
144
What is the remainder when 5241 is divided by 12?
9
Calculate the remainder when 442 is divided by 228.
214
What is the remainder when 330 is divided by 16?
10
Calculate the remainder when 90 is divided by 18.
0
Calculate the remainder when 10 is divided by 5.
0
What is the remainder when 115 is divided by 3?
1
Calculate the remainder when 1204 is divided by 600.
4
Calculate the remainder when 738 is divided by 235.
33
What is the remainder when 459 is divided by 58?
53
What is the remainder when 565 is divided by 143?
136
What is the remainder when 289 is divided by 149?
140
Calculate the remainder when 8177 is divided by 20.
17
What is the remainder when 112 is divided by 40?
32
Calculate the remainder when 3456 is divided by 38.
36
Calculate the remainder when 3530 is divided by 321.
320
Calculate the remainder when 648 is divided by 31.
28
Calculate the remainder when 24 is divided by 14.
10
Calculate the remainder when 191 is divided by 145.
46
Calculate the remainder when 209 is divided by 94.
21
Calculate the remainder when 164 is divided by 46.
26
What is the remainder when 807 is divided by 250?
57
Calculate the remainder when 340 is divided by 11.
10
What is the remainder when 117 is divided by 31?
24
Calculate the remainder when 337 is divided by 26.
25
Wh